t i(b) = -1 + 1 - 1 + 4*b - 3*b. Suppose 4 = -h - k, -4*k - 4 - 18 = -2*h. Let t be -4 + 2 + h/(-1). Give i(t).
-4
Let d be ((-1)/(-2))/(2/4). Let n(r) = -r**2 + r + 1. Give n(d).
1
Let a(u) = -3*u**2 + 9*u + 6. Let g(r) = 2*r**2 - 6*r - 4. Let d(b) = -5*a(b) - 8*g(b). Let o(i) = -i. Let n be o(2). Determine d(n).
-8
Let a(x) = -x**2 + 9*x - 8*x - 4 - x**3 + 5. What is a(-2)?
3
Let f(a) = -a**3 - a**2 + 6. Let q be f(0). Suppose 3*b - 9 - q = -3*t, -4 = t - 2*b. Let c(u) = -2*u + t*u - u + 11. Calculate c(5).
6
Let w(l) = -4*l**3 + 9*l**2 - 2. Let m(k) = 5*k**3 - 10*k**2 + k + 3. Let f(d) = 5*m(d) + 6*w(d). Let u(t) = t + 1. Let r be u(-4). What is f(r)?
-3
Let y = -4 + 4. Let a = 3 + y. Let d(r) = 0*r + r**2 - r - 2*r + 1. What is d(a)?
1
Let w(x) = 2*x - 3. Let p(d) = -3*d + 5. Let z(l) = 5*p(l) + 7*w(l). Suppose 3 = -3*y + 12. Suppose -y*m + 4*s = 0, -2*m + m + s = 0. Calculate z(m).
4
Let q(d) be the third derivative of -d**7/840 - d**6/90 + d**5/120 + d**4/8 + d**3/2 + d**2. Let y(c) be the first derivative of q(c). Calculate y(-4).
-1
Let c(n) = 6 - 192*n**2 + 190*n**2 - 4*n - 4*n. Determine c(-6).
-18
Let k(n) = n + 4. Let h(u) be the first derivative of -u**2/2 + 2*u + 6. Let r be h(2). What is k(r)?
4
Let g be 7/(2 - (-3 + 4)). Let h(q) = q - 8. Give h(g).
-1
Let f(i) = 5*i**2 - 7*i - 12. Let p(w) = 11*w**2 - 14*w - 25. Let c(x) = -9*f(x) + 4*p(x). Let n be c(8). Let s(h) = h**2 - h + 8. Give s(n).
8
Let p(v) = 2*v + 23 - 2 - 12 - 1. Determine p(-6).
-4
Let i(k) = k**3 - k**2 + 2*k - 3. Let j be i(2). Let s be 10/25 - (-13)/j. Let t(h) = h**3 - 3*h**2 + 2. Calculate t(s).
2
Suppose -2*z = 2*y + 6, y - 3 = -5*z + 7*z. Let n(m) = 1 - 3*m - 4*m**2 - 2*m**3 + 0*m**3 + m. Calculate n(z).
5
Let c(u) = -u**2 + 4*u + 7. Let x be c(5). Suppose 2*f - w = 14, 4*w + x = -2*f + f. Let l(s) = -14 - f + 19 + s**2. Calculate l(1).
0
Let r(d) = -2. Let p(j) = j + 9. Let q(t) = -2*p(t) - 9*r(t). Let y = 5 + -7. Let s = 3 - y. Calculate q(s).
-10
Let o = 5 + -3. Let i = -14 + 9. Let u(w) = 4*w + 1. Let s(m) = 3*m + 1. Let q(y) = i*u(y) + 7*s(y). Determine q(o).
4
Let z be 2/3*(-6)/(-1). Suppose -4*h = 3*m - 12, 0 = 3*m - 2*h + z + 2. Let t(p) = p + 6. Determine t(m).
6
Let a = -7 + 8. Suppose d - 2 = a. Let s(n) = -n**2 + 5*n - 1. Give s(d).
5
Let x(f) be the first derivative of -f**4/4 - 7*f**3/3 - 5*f**2/2 + 8*f - 3. Determine x(-6).
2
Let d(r) be the second derivative of -r**4/12 - 13*r**3/6 - 6*r**2 - r. Let s be d(-12). Let a(g) = g + 6. Calculate a(s).
6
Let a(t) = -t**3 + 6*t**2 + t - 5. Let o(u) = -u**2 - 14*u - 7. Let f be o(-13). Calculate a(f).
1
Let l(o) = 3*o - 37*o**2 + 44*o**2 - 2*o. Give l(1).
8
Let g(l) be the second derivative of l**5/20 + 5*l**4/12 - 4*l**3/3 - 7*l**2/2 + l. Let n be g(-6). Let u(t) = n*t - 2 + 2 + 2 - 1. Determine u(1).
6
Suppose 2 - 4 = -c. Let z(p) be the second derivative of p**5/20 - p**4/6 - p**3/3 + p**2 - 2*p. What is z(c)?
-2
Let v(q) = q**3 + 3*q**2 - 2*q + 3. Suppose -3*j + 1 = 2*y + 17, 0 = 3*j - 5*y + 2. Give v(j).
-5
Let q = 15 + -15. Let i(k) = k**3 + k**2 - 7*k + 3. Let o(t) = 9 - 3*t + 0*t**2 - 14*t - 3*t + 3*t**3 + 3*t**2. Let v(r) = 17*i(r) - 6*o(r). Give v(q).
-3
Let z(w) be the third derivative of w**4/24 + 2*w**3/3 - w**2. Let n be (2 - -8)*(-2)/4. Let k be (n/(-10))/((-1)/8). Give z(k).
0
Let f(w) be the second derivative of -w**4/12 - 5*w**3/6 - 2*w**2 - 2*w + 9. Determine f(-3).
2
Suppose 0 = 2*v + 3 - 7. Let d(t) = 6*t + 5*t**2 - 9*t**2 + 4*t**v + t**2 + 8. What is d(-6)?
8
Suppose y + 1 = -0. Let a(s) = 29*s. What is a(y)?
-29
Suppose 0 = -0*q - 5*q + 15. Let v(i) = i**3 - 2*i - 10*i**2 - 1 - 2*i**q + 9*i**2. Give v(-1).
1
Suppose -3*a - 36 + 18 = 0. Let h(j) = 3*j + 4. Calculate h(a).
-14
Let s(n) = n**2 + 5*n + 2. Let p be 0 + (-4)/((-4)/23). Suppose -5*b - p = 2. What is s(b)?
2
Let p(y) = y - 5. Let f be p(5). Let g(i) = -i**3 - i**2 - i - 4. What is g(f)?
-4
Let a(w) be the first derivative of 1/24*w**4 + 1 + 1/2*w**2 + 0*w - 1/2*w**3. Let s(n) be the second derivative of a(n). Determine s(0).
-3
Let g(f) = 3*f**2 - 1. Let r(c) = c**3 + 5*c**2 - 1. Let a = 2 + -7. Let b be r(a). What is g(b)?
2
Suppose -2*z = z + 9. Let a(j) = -j**2 - 3*j + 2. Calculate a(z).
2
Suppose 3*v - 6 = -0*v. Let g(y) = -1 - y + 0*y**v + y**2 + 3*y**2 - 2*y**2. Suppose 2*t - 10 = 2*b, 3*b - 7 = 2*b - 2*t. Calculate g(b).
2
Let y(a) = a**2 + 3 - 3 + 0. Give y(-3).
9
Let q(x) be the second derivative of 1/20*x**5 + 0 + 1/2*x**4 + x**3 + 2*x**2 + 3*x. Determine q(-5).
-1
Let q(s) be the first derivative of s**3/3 + 3*s**2 - 2*s + 48. What is q(-5)?
-7
Suppose 34 = 4*l + 5*s, s = -2*l - 3*l + 32. Let r(h) = -4*h + 0 + h - l + 4*h. What is r(3)?
-3
Let v be (-16)/(-6)*(-45)/(-12). Let h = -14 + v. Let y(a) be the third derivative of a**4/12 - a**3/3 + a**2. Give y(h).
-10
Let a(u) = -u**3 - u**2 + 3*u - 3. Suppose 3*i + 1 = 7. Calculate a(i).
-9
Let o(h) be the first derivative of h**4/12 - 7*h**3/6 + 3*h**2/2 - 5*h + 1. Let c(t) be the first derivative of o(t). Let d = -7 + 12. Calculate c(d).
-7
Let x = 0 - 2. Let z be -1*(-7 - x) + 0. Let c(w) = w**3 - 4 - 3 - 5*w**2 + 4. What is c(z)?
-3
Let y(d) be the first derivative of 2/3*d**3 + 1/2*d**2 - 6 + 0*d. Give y(-2).
6
Let m(h) = -h**2 - h + 7. Suppose -q - 1 = -5*g - 26, 0 = -2*g + 4*q - 10. What is m(g)?
-13
Let q(h) = h**2 + 5*h - 5. Let y(r) be the third derivative of -r**4/8 + 2*r**3/3 + 3*r**2. Let a be y(3). What is q(a)?
-5
Let g = 15 + -10. Let q(i) = -4*i + 1 - 2 + 3*i**2 - 2*i**2 + 0*i. What is q(g)?
4
Let v(l) = 3*l - 2*l + 4 - 2. Give v(3).
5
Let x(r) = -r**2 - 5*r - 8. Let c(o) = -3*o**2 - 10*o - 17. Let a(m) = 2*c(m) - 5*x(m). What is a(5)?
6
Let n(z) = 6*z. Suppose 4*h - 53 = w, -w - 1 + 0 = 0. Suppose -j + 3*f = -h, 2*f + f = -2*j - 10. Determine n(j).
6
Let d(t) = -t**3 - 3*t**2 + 2. Let m(v) = 4*v**3 + 8*v**2 + v - 5. Let o(x) = -7*d(x) - 2*m(x). Determine o(4).
4
Let b(g) = -6*g + 5. Let v(w) = 5*w - 4. Let a(j) = -3*b(j) - 4*v(j). Suppose -6 + 1 = 5*r. Determine a(r).
3
Suppose -5*x - 4 - 1 = 0. Let w(g) = 6*g + 1. Calculate w(x).
-5
Let u = -15 + 17. Suppose -o = o, 24 = -4*l - u*o. Let i(w) = -w**2 - 7*w + 5. Calculate i(l).
11
Let h = 10 - -4. Suppose -3*m + 5 = -5*i, 0 = -i - 2*i + 4*m - h. Let u(a) = a. Let c(k) = k + 1. Let x(r) = -c(r) - u(r). Calculate x(i).
-5
Suppose -n + 0*n = -4, 4 = -3*y + 4*n. Let m(l) be the third derivative of l**4/24 - 2*l**3/3 + l**2. What is m(y)?
0
Let r(q) = 6*q + 6. Suppose -37*c + 32*c = 20. What is r(c)?
-18
Let v(u) = u - 4. Let q be v(4). Suppose q = 4*o - z - 29, -5*o - 2*z + 35 = -3*z. Suppose -6 - o = -3*a. Let i(j) = j**2 - 4*j - 2. Give i(a).
-2
Suppose h - w = -3*h, 0 = -2*h + 5*w - 18. Let j(v) = -4*v + v**2 + v - h + 3*v. Suppose -3 = 5*o - 2*o. What is j(o)?
0
Let v(m) = m**2 + 7*m + 4. Let b = 6 - 26. Let c = b + 15. What is v(c)?
-6
Let j(o) be the first derivative of o**4/4 - o**3 - o**2 - 4*o - 22. Give j(4).
4
Let p = 10 + -9. Let q(o) = -o**2 - o. Let i(w) = 11*w**2 + 4*w + 1. Let v(b) = p*i(b) + 4*q(b). Give v(1).
8
Let d be 6/(-5)*-1*10. Suppose 3*c - d = 6. Let b(n) = -2*n + 5. What is b(c)?
-7
Let m(l) = -3*l + 7. Let z(n) = -2*n + 6. Let q(t) = 3*m(t) - 4*z(t). Determine q(-3).
0
Let p(i) = i**3 + 5*i**2 + 2*i + 4. Suppose -6*y + 5 = -7*y. Calculate p(y).
-6
Let t(b) be the second derivative of -b**3/3 - 3*b**2 - b. Calculate t(-6).
6
Let l(f) be the first derivative of -7*f**5/120 + f**4/24 + f**3/3 + 1. Let n(r) be the third derivative of l(r). Let p be 3 + 2*(4 - 5). Determine n(p).
-6
Suppose 6*s - 2*s + 14 = 2*b, -2*s + 23 = 5*b. Let z(f) = 2*f - 1. Give z(s).
-3
Let p be 16/((-6)/(-3)) + -1. Let b(w) = 0*w**3 + 8 - 6*w + 0*w**3 - p*w**2 - w**3 + 2*w. Determine b(-6).
-4
Let w(v) = -1 + 3*v**2 + 6*v**2 - 10*v**2 - 5*v**3 + 2*v**2. Determine w(-1).
5
Let n(q) = -q + 12*q**2 - 5*q**2 - 2 - 6*q**2 - q**3. Let t be 12/16 + 9/(-12). Determine n(t).
-2
Let d = -2 + 4. Let w(s) be the second derivative of s**6/720 + s**5/60 + s**4/12 - s. Let o(n) be the third derivative of w(n). Determine o(d).
4
Let l(v) = 3*v**3 - 13*v**2 + v + 8. Let u(q) = -2*q**3 + 7*q**2 - q - 4. Let o be 10/4 - 2/(-4). Let s(b) = o*l(b) + 5*u(b). Determine s(-3).
1
Let k(y) = 19*y - 37*y + 17*y - 15. Cal